 a prime number?
True
Is 2219317 composite?
True
Is 13377003 prime?
False
Is 7083559 a composite number?
True
Is 6137051 prime?
False
Is 21855157 a composite number?
False
Is 607367861 composite?
False
Is 51112559 a composite number?
True
Is 1770169 a composite number?
False
Is 42647557 a prime number?
True
Is 330961258 a prime number?
False
Is 4069913 a prime number?
True
Is 114531553 a composite number?
False
Is 365018243 a composite number?
False
Is 7243199 composite?
True
Is 914429 a composite number?
False
Is 13888153 a composite number?
False
Is 69104491 composite?
False
Is 405677149 composite?
True
Is 224409623 prime?
False
Is 9844994 prime?
False
Is 396101 prime?
False
Is 3752069 composite?
False
Is 116003 a composite number?
True
Is 2910419 prime?
True
Is 3327691 prime?
False
Is 199559 prime?
True
Is 12723967 a composite number?
True
Is 2654203 prime?
False
Is 2100017 composite?
True
Is 4171927 prime?
False
Is 85215167 composite?
True
Is 9229651 a composite number?
False
Is 280608203 composite?
False
Is 26361061 composite?
False
Is 21709573 a prime number?
True
Is 16660927 a composite number?
True
Is 5264969 prime?
True
Is 411409 composite?
False
Is 740423 a prime number?
True
Is 215313667 prime?
True
Is 33165911 composite?
True
Is 16279363 a prime number?
True
Is 379859 a prime number?
True
Is 200127559 composite?
True
Is 15962879 a composite number?
False
Is 11823547 prime?
True
Is 16715843 composite?
True
Is 242049358 prime?
False
Is 1038550873 composite?
True
Is 74951593 a prime number?
False
Is 9232077 composite?
True
Is 17618677 a composite number?
False
Is 7568863 a prime number?
False
Is 6258281 a composite number?
True
Is 4158403 a prime number?
True
Is 4256491 a composite number?
False
Is 56208401 prime?
True
Is 29447123 a composite number?
False
Is 1526900537 a prime number?
True
Is 2419259 a prime number?
True
Is 393361451 a prime number?
False
Is 347137223 prime?
False
Is 1190039 a composite number?
True
Is 123865037 a prime number?
False
Is 1051139 composite?
False
Is 9368297 prime?
True
Is 1926217 a composite number?
False
Is 1931119 a composite number?
True
Is 669340753 prime?
True
Is 14434051 composite?
False
Is 1044971 a composite number?
False
Is 116823377 prime?
False
Is 38079083 a composite number?
True
Is 4434077 a prime number?
True
Is 6608773 a prime number?
False
Is 131348021 a composite number?
True
Is 2869907 composite?
True
Is 161891281 prime?
True
Is 6905519 a composite number?
True
Is 1517447 a composite number?
True
Is 4374191 prime?
False
Is 656743 prime?
False
Is 58965541 composite?
True
Is 134904262 a composite number?
True
Is 4498399 composite?
True
Is 23326783 a composite number?
False
Is 4809262 a composite number?
True
Is 4373053 a composite number?
False
Is 781597 composite?
True
Is 38853247 prime?
True
Is 17354549 composite?
False
Is 4127567 composite?
True
Is 238594613 composite?
True
Is 427398449 prime?
False
Is 1269943 a prime number?
False
Is 167604811 prime?
False
Is 240131 prime?
True
Is 43771733 a prime number?
True
Is 482441523 a prime number?
False
Is 1690919 composite?
True
Is 116694821 composite?
False
Is 858026713 prime?
True
Is 3899867 a prime number?
True
Is 5771578 a composite number?
True
Is 1078963381 composite?
False
Is 120252347 prime?
True
Is 211134797 a composite number?
False
Is 33853651 a prime number?
False
Is 281631059 a prime number?
False
Is 92130707 prime?
True
Is 53469959 a prime number?
True
Is 4059271 a composite number?
False
Is 14826793 a prime number?
True
Is 29345827 a prime number?
False
Is 1085719 a prime number?
True
Is 13641818 prime?
False
Is 15276619 composite?
False
Is 8272118 prime?
False
Is 10675513 a prime number?
True
Is 67192547 a composite number?
True
Is 2530343 composite?
True
Is 13299203 composite?
False
Is 8119093 composite?
False
Is 759991 a composite number?
True
Is 5560301 a prime number?
True
Is 69851377 a composite number?
False
Is 29893873 a prime number?
True
Is 32314039 composite?
False
Is 2090717 composite?
False
Is 645167 composite?
True
Is 14673281 a composite number?
True
Is 243047 prime?
False
Is 3467117 prime?
True
Is 252454474 composite?
True
Is 1937699 a composite number?
False
Is 1849751 a composite number?
False
Is 1728397351 composite?
False
Is 32053543 composite?
False
Is 12612515 a composite number?
True
Is 9732043 a composite number?
False
Is 216233 a prime number?
True
Is 9703487 prime?
False
Is 631594837 prime?
False
Is 3318097 a composite number?
False
Is 15764921 composite?
False
Is 88062571 prime?
True
Is 89044267 composite?
True
Is 34241923 a prime number?
False
Is 34076251 composite?
True
Is 157783 prime?
False
Is 3311137 a prime number?
True
Is 40820533 composite?
True
Is 5873057 a prime number?
True
Is 48269503 a composite number?
False
Is 8224621 a prime number?
False
Is 171457969 a composite number?
False
Is 28634119 prime?
False
Is 15342287 composite?
False
Is 12104843 composite?
True
Is 50044607 a prime number?
False
Is 82031 composite?
False
Is 2227913 prime?
True
Is 206443085 prime?
False
Is 64453421 composite?
False
Is 1233461 prime?
False
Is 7772833 a composite number?
False
Is 19546633 prime?
True
Is 216075502 a prime number?
False
Is 3145283 a composite number?
False
Is 1761791 prime?
False
Is 4008667 prime?
False
Is 3173483 composite?
True
Is 28546471 a composite number?
False
Is 15096299 prime?
False
Is 486848602 composite?
True
Is 428343131 a composite number?
False
Is 56480767 a composite number?
True
Is 1900567 a composite number?
True
Is 4002167 composite?
True
Is 7224083 composite?
True
Is 72216179 prime?
False
Is 31085071 a composite number?
True
Is 7699033 composite?
True
Is 29915131 prime?
True
Is 1096609 a prime number?
True
Is 651179 a composite number?
False
Is 244622711 composite?
True
Is 1440203 composite?
False
Is 100983571 composite?
True
Is 7065953 a composite number?
False
Is 70068395 prime?
False
Is 838009 prime?
False
Is 4712647 prime?
False
Is 11695703 composite?
False
Is 95377189 prime?
False
Is 1491179 prime?
True
Is 50291129 a prime number?
False
Is 9097223 a composite number?
False
Is 167392241 composite?
False
Is 2538949 a prime number?
False
Is 19905121 a composite number?
False
Is 57873391 composite?
False
Is 18982913 prime?
True
Is 26986679 a prime number?
False
Is 1929443 a prime number?
False
Is 39025631 a prime number?
True
Is 74161829 composite?
True
Is 2657605 composite?
True
Is 18307943 a composite number?
True
Is 23820283 prime?
True
Is 11164117 a composite number?
True
Is 34471663 prime?
False
Is 9337433 composite?
True
Is 6081599 a prime number?
True
Is 142703753 a composite number?
True
Is 1141712161 a prime number?
False
Is 20577715 a prime number?
False
Is 10209347 prime?
False
Is 57980269 a prime number?
True
Is 195111341 composite?
True
Is 153422251 a composite number?
False
Is 275138057 composite?
False
Is 3735409 composite?
True
Is 6533291 a prime number?
False
Is 71048651 a composite number?
True
Is 103484405 composite?
True
Is 69104653 a composite number?
True
Is 800939 prime?
False
Is 24821873 composite?
False
Is 43438739 a composite number?
False
Is 1848637 a prime number?
False
Is 121554739 a prime number?
False
Is 171419258 a prime number?
False
Is 3594247 prime?
False
Is 993037 a composite number?
False
Is 50733979 prime?
False
Is 141266531 a prime number?
False
Is 245826887 prime?
True
Is 913081 a prime number?
False
Is 7288213 a composite number?
False
Is 2625257 a composite number?
True
Is 14627551 prime?
True
Is 333313 a prime number?
False
Is 18244111 a composite number?
True
Is 18840179 composite?
False
Is 154854781 prime?
True
Is 286326457 a prime number?
False
Is 45789769 a prime number?
False
Is 2495617 prime?
False
Is 228064411 composite?
True
Is 201337 a composite number?
False
Is 19252249 a composite number?
True
Is 77141263 prime?
False
Is 12366317 prime?
False
Is 37896683 a composite number?
True
Is 40583705 prime?
False
Is 6575873 composite?
False
Is 5067551 composite?
False
Is 14285519 a prime number?
True
Is 15132373 prime?
True
Is 5550941 prime?
False
Is 13647863 composite?
False
Is 54608737 a prime number?
True
Is 320734 a prime number?
False
Is 31147639 composite?
True
Is 166600622 a composite number?
True
Is 73943123 composite